and c.
5
Let k be (21 + 1)*-11*2/(-2). What is the highest common factor of 44 and k?
22
Suppose 6*n = -n + 7. Let m be n/(2/(-3) - (-196)/288). What is the highest common divisor of m and 9?
9
Let d(t) = t**3 + 30*t**2 - 23*t - 101. Let h be d(-30). What is the greatest common divisor of h and 62?
31
Suppose -42*s + 228 = -39*s. What is the highest common factor of s and 57?
19
Let k = -1 - 0. Let y be (3/k)/((-3)/14). Let r = 54 - -2. What is the greatest common factor of y and r?
14
Let c(j) = -j**3 - 8*j**2 + 7*j - 13. Let r be c(-9). Suppose 0*g + 2*g - 10 = -5*h, r*g = -h + 71. Calculate the highest common factor of g and 60.
15
Let z = -26 + 16. Let d(c) = -c**2 - 11*c - 6. Let a be d(z). Calculate the highest common factor of a and 20.
4
Let g(r) = -r - 12. Let l(i) = -2*i - 24. Let m(q) = -13*g(q) + 6*l(q). Let k = -4 - 1. Let b be m(k). Calculate the highest common divisor of 14 and b.
7
Let j be (-16)/(-2) + 2 + -4. Let i be 14/49 + 16/(-7). Let k be ((-6)/i)/((-1)/(-10)). Calculate the highest common divisor of k and j.
6
Let a(w) = -w**2 + 13*w - 13. Let z be a(10). Suppose -5*s - z - 9 = -o, 2*s = o - 14. Let n be 384/9 + o/(-9). What is the highest common divisor of n and 105?
21
Let w be ((-10)/(-25))/((-14)/(-3290)). Calculate the greatest common factor of 282 and w.
94
Suppose 0 = -f - y + 227, 4*y = 6*f - f - 1171. What is the greatest common factor of 42 and f?
21
Let k = -240 - -393. What is the highest common factor of 34 and k?
17
Suppose 64*f = 627 + 717. Calculate the greatest common divisor of f and 525.
21
Let x = 544 - 462. Calculate the greatest common factor of x and 369.
41
Let h = -203 - -275. What is the greatest common factor of h and 108?
36
Let z be (-1311)/(-253) + 4/(-22). Suppose -2*r + 4*m = z*m - 77, -2*r = 3*m - 87. What is the greatest common divisor of r and 18?
18
Let o be 3*(-2 - -2 - 4). Let a = 18 - o. Let n(f) = -15*f - 930. Let m be n(-67). Calculate the greatest common factor of m and a.
15
Suppose 0*k - 910 = -7*k. What is the greatest common divisor of 195 and k?
65
Suppose 0 = -2*d - 19 - 9. Let f = 44 + d. Calculate the highest common divisor of 30 and f.
30
Let w = 13 + -20. Let s be 2*15/(-10) - w. Let n be (1/(-2))/(1/(-72)). What is the highest common factor of n and s?
4
Suppose c + f - 91 = 0, 13*c - 15*c = -5*f - 217. Calculate the highest common divisor of c and 240.
48
Let d(j) = -11*j - 20. Suppose -6*u - 3*u = 108. Let z be d(u). Calculate the greatest common factor of 7 and z.
7
Let c be (-3 - -10)*(-2)/(-2). Calculate the greatest common divisor of c and 112.
7
Let k = -99 + 162. Suppose -31*b = -63 - 588. What is the highest common factor of b and k?
21
Let j be (19/((-380)/(-144)))/((-1)/(-10)). Calculate the highest common factor of 120 and j.
24
Let z be 24/(-72) - 716/(-6). What is the highest common factor of 14 and z?
7
Let n(y) = y + 11. Let r be n(-6). Suppose -10 = -2*u - 4*d, 3*u = -3*d + 6 + 24. What is the greatest common factor of u and r?
5
Suppose 0 = -2*k + 80 - 58. Calculate the highest common divisor of k and 374.
11
Let v(l) = 15*l + 7. Let t be v(5). Suppose -o = -t - 171. What is the greatest common divisor of 23 and o?
23
Let f(z) = -2*z**2 - 79*z - 122. Let o be f(-31). Calculate the highest common divisor of 90 and o.
45
Let q(d) = 3*d**2 + 10*d - 47. Let r be q(-10). Calculate the highest common divisor of r and 17.
17
Suppose -x + 4 - 18 = 4*n, 2*n + 34 = 4*x. What is the highest common factor of 25 and x?
1
Let c be (36/2 - 1) + -1. Let u be (-24)/12 + (25 - -1). Calculate the greatest common divisor of u and c.
8
Let b be 7*12/84 + 449. What is the highest common divisor of 18 and b?
18
Let t = -823 + 895. Calculate the highest common factor of 36 and t.
36
Let o = -31 - -35. Suppose -13 + 5 = -o*z. Suppose 0*s - 112 = -3*s + 4*g, z*s - 60 = -g. Calculate the highest common divisor of 48 and s.
16
Let g(d) = 3*d - 4. Let b be g(4). Suppose 0 = -2*k + 2 + b. Suppose 3*z = -5*r + 10, -1 = 2*z - r - 12. Calculate the highest common divisor of z and k.
5
Suppose -5*f + 1870 - 370 = 0. Calculate the highest common divisor of f and 225.
75
Suppose 52*c - 48 = 36*c. Let a = -246 - -429. Suppose 2*t - 5*h = -2*h + 120, a = c*t - 3*h. Calculate the highest common factor of t and 7.
7
Let h(a) = a**2 - 28 + 7*a + 0*a**2 + 30. Let s be h(-7). Suppose -72 = s*k - 4*k. What is the greatest common factor of 24 and k?
12
Let j = -5 + 2. Let c = j - -2. Let p(u) = -16*u**3 - u**2 - 2*u - 1. Let k be p(c). Calculate the greatest common factor of k and 24.
8
Let d(c) = -2*c - 2. Let p be d(-8). What is the greatest common divisor of p and 2?
2
Let u(t) = -t + 21. Let k be u(18). Let p be ((-66)/24)/(k/(-48)). Let z = -10 - -14. What is the greatest common divisor of p and z?
4
Suppose 5*z = -7 + 12, 3*x + 4*z - 166 = 0. Suppose -y + 2*y + 9 = -5*o, -4*y + 18 = 2*o. Calculate the greatest common factor of x and y.
6
Let n be (-22 + 24)/((-1)/(-31)). Calculate the greatest common factor of 186 and n.
62
Let r be (-2*(0 - -4) + 5)*-3. Let s = -33 - -51. Calculate the greatest common divisor of r and s.
9
Let t(a) = -4*a - 29. Let w be t(-9). Let m be (w - 2) + 0 + 14. Calculate the highest common divisor of m and 209.
19
Let f = 0 + -5. Let h = 50 + f. Let o = 285 + -267. Calculate the greatest common divisor of o and h.
9
Let u = 1848 + -1182. Calculate the greatest common factor of 296 and u.
74
Suppose -2*z + 1 = w, w + 10 = 2*z + 3. Suppose 2*l - 37 = -27. Suppose -z*o = -l*o + 48. Calculate the greatest common factor of o and 16.
16
Let q = -22 - -24. Suppose i + 1 = -4, -2*i = -q*o + 192. Calculate the greatest common factor of o and 13.
13
Suppose -2*g - 5*o + 8 = -58, g - 33 = -5*o. What is the highest common divisor of g and 77?
11
Suppose -4*v = -2*v - 8. Suppose 4 = -v*x, 3*h + 3*x + 2*x = 13. Calculate the highest common divisor of h and 4.
2
Suppose 3*r - 71 = d, -3*r + 3*d = -46 - 35. Let w be (-26)/(-143) + 876/r. Let i be 2 - 6/((-3)/3). What is the greatest common factor of w and i?
8
Suppose 2*h = -h + 6, h - 56 = -2*y. Let x be 2/(-9) - (-141)/y. Suppose 4*f = 2*f + x*r + 5, -2*f + 3*r = -7. Calculate the highest common factor of f and 5.
5
Suppose -o - 231 = -4*o. What is the greatest common factor of o and 14?
7
Let f(j) = -27*j - 18. Let y be (-5)/((-40)/(-12))*-2 + -6. Let a be f(y). What is the greatest common factor of 7 and a?
7
Suppose -45444 - 82446 = -90*a. What is the highest common factor of 49 and a?
49
Suppose 2*c = -0*c - 14. Let d be (12/c)/(6/(-42)). Suppose 5*x + 14 + 3 = -z, -3*x = d. What is the greatest common divisor of 27 and z?
3
Let m(o) be the third derivative of -o**6/120 - o**5/5 - o**4/4 + 5*o**2. Let f be m(-12). What is the highest common divisor of 108 and f?
36
Let c(t) = 5*t**2 - 18*t - 65. Let j be c(-3). Let u be -2 + 0 + (-4 - -57). Calculate the greatest common factor of u and j.
17
Let b = -1025 + 1029. Let y = 127 - 83. What is the greatest common divisor of b and y?
4
Suppose 5*t = 461 - 151. Suppose -3*d + t + 16 = 0. Let k be 63 + (-9)/(18/(-8)) - 2. Calculate the greatest common factor of k and d.
13
Suppose -4*r + 2*r + 68 = 5*i, r - 32 = -3*i. Suppose r = -a + 5*a. Calculate the highest common factor of a and 11.
11
Let p = -5 - 25. Let m be (-26)/(-195) - 146/p. What is the highest common factor of 40 and m?
5
Let u(i) = 6*i**2 - 14*i - 14. Let n be u(7). Calculate the greatest common divisor of 28 and n.
14
Let o(j) = j**3 - 13*j**2 + 4*j - 19. Suppose z = -5*h + 28, -2*z - z = -3*h - 30. Let a be o(z). What is the highest common divisor of a and 22?
11
Let a be (-3)/(12/80*-2). Let d be (-1)/3*(a - 37). Calculate the highest common divisor of 99 and d.
9
Suppose 2*f - 4 + 0 = 0. Suppose 5*l = -3*v - f*v - 270, -4*l = 3*v + 212. Let s = l + 167. Calculate the greatest common divisor of s and 13.
13
Let j be (-48)/(-9)*(-2 - (-3 - 2)). Suppose -9*m + 16 = -8*m. What is the highest common divisor of j and m?
16
Let o(m) = m**2 + 7*m - 7. Let i be o(-8). Let t(z) = 1 - 3*z + 7 + 0 + 4*z. Let x be t(0). What is the highest common factor of x and i?
1
Let t(x) = 3*x**2 + 49*x + 98. Let n be t(-19). Let o be 2/7 + (-698)/(-7). What is the highest common divisor of n and o?
50
Suppose 5*x = -0*x - 150. Le